*2 - 4*v - 2. Suppose -70 = 2*f - 74. Let j be d(f). Suppose 2182 = 4*b - j. Is b prime?
True
Suppose 5*r + 2*j = 1748605, -4*r = -5*j + 62823 - 1461707. Is r a composite number?
True
Let p = -440 + 734. Let v = 505 - p. Is v prime?
True
Let u(k) = 6501*k**2 + 3*k - 2. Let n be (2*(-2)/(-8))/((-13)/(-26)). Is u(n) a composite number?
True
Let f(g) = 2803*g + 89. Is f(26) prime?
False
Let a be ((-20)/12)/((-1)/3). Suppose -1 = a*i + 24. Let q(j) = 127*j**2 + 3*j - 7. Is q(i) prime?
False
Let d(v) = -111*v**3 + 4*v - 5. Let p be d(-3). Suppose -5*n + 745 = u, 4*u - 6*n + 3*n = p. Is u a prime number?
False
Suppose -1726*u + 562635 = -1717*u. Is u composite?
True
Let j(u) = -7746*u**3 - 2*u**2 + 11*u + 5. Is j(-2) composite?
True
Suppose 286857 = 3*t + 4*i, 5*t + 330*i - 478095 = 333*i. Is t prime?
False
Let u(d) = -2314*d + 2455. Is u(-27) composite?
True
Is (-2)/((-8264448)/(-590319) - 14) a prime number?
False
Suppose -4*x = 3*o - 3460909, 2*x = 54*o - 57*o + 3460913. Is o composite?
False
Let d be (-3734776)/(-28) - (-48)/(-56). Suppose -31*y + 1233499 = -d. Is y prime?
False
Suppose -g = 2*w - 1441, -2*g + 4*g - 2*w = 2912. Let a(o) = -78*o**2 + 48*o + 138. Let s be a(-3). Let m = g + s. Is m composite?
False
Suppose -3425 = 4*b + 3*v - 0*v, 1717 = -2*b - 3*v. Let n = b + 2005. Is n prime?
True
Is ((7 - 5) + -4 + 85)*937 + 2 a prime number?
True
Suppose -3*v + 2*w = -10, 4*v = 2*w + 4 + 6. Suppose -j + 0*j - 3*i = -1552, v = -5*i - 15. Is j a composite number?
True
Is (-4)/22 + 176193*(-5)/(-165) a prime number?
False
Suppose -28*l + 26*l = -30320. Suppose 0 = -14*v + 6*v + l. Let n = v - -156. Is n a prime number?
False
Is ((-234)/156)/(3/(-1538)) a prime number?
True
Let o be -28*(-6)/((-48)/(-4)). Suppose -o*k + 230447 = 35*k. Is k a composite number?
False
Let i = 481404 - 317063. Is i a composite number?
False
Let k(z) = 5*z**2 + 15*z + 45. Suppose 0*m = 2*y + m + 5, 0 = -m + 3. Is k(y) prime?
False
Suppose 5*d - h = -2*h + 21465, -2*h = d - 4293. Let l = 12652 + d. Is l a prime number?
False
Suppose -12*o + 2059779 + 1720041 = 0. Suppose 17*r = 132268 + o. Is r a prime number?
True
Let c(u) = u**3 - 13*u**2 + 12*u + 12. Let j(o) = -6*o**2 + 6*o + 6. Let d(g) = -2*c(g) + 5*j(g). Let y be d(-5). Let m = y + 689. Is m a composite number?
True
Let f be 4942/(-4) - 18/(-12). Let u = 8355 + f. Is u prime?
True
Let a(t) = 345*t. Suppose -4*h = 3*d + 8 - 1, 2*d = -h - 8. Let m be a(h). Suppose 5*g = 2*v - m, 2*g + 1771 = 5*v + g. Is v composite?
True
Suppose -8*c + 5*c = -5*f + 1609744, 2*f - 3*c - 643903 = 0. Is f composite?
False
Let q = -62937 + 102914. Is q prime?
False
Suppose 0 = -v + h - 7, -h = v - 3*h + 5. Is (7266/v)/(14/(-21)) prime?
False
Suppose 2*w = 948 + 500. Let t be w/(-6) - (-3 + 91/21). Let g = t + 323. Is g prime?
False
Let j = -190592 + 314993. Is j a composite number?
True
Let l = 20 + -18. Suppose -l*i + 6 = 0, 4*a = i - 1427 - 12844. Let t = -1836 - a. Is t a composite number?
True
Suppose 3*h = 2*b - 13, -9*h + 8*h = 4*b - 5. Is 2/((-20)/15)*622/h a composite number?
False
Let f(o) = -o**3 + 30*o**2 + 64*o - 1300. Let h be f(31). Let g(b) = 5*b**3 - 8*b - 8. Let r be g(-6). Let d = h - r. Is d composite?
True
Let d(v) = 15*v + 252. Let z be d(-17). Is -4 + 336 + z - 0 composite?
True
Let r be ((-45)/6)/(-5) + 28366/4. Suppose 4*a - 5*o - 9464 = 0, -20*a = -23*a + 5*o + r. Is a prime?
True
Suppose 2*s + 5 + 2 = 5*j, -3*j = -5*s + 11. Suppose -o - l = -454, -j*o + 446 + 934 = -3*l. Is o a prime number?
True
Suppose 23 = 11*s - 32. Suppose -z + 1969 = u, 2*u - 5*u + 5907 = -s*z. Is u a prime number?
False
Let b(o) = -957*o + 664. Is b(-33) a composite number?
True
Suppose 8 - 2 = 2*s. Let p be -10*(2 - s)*2/4. Suppose 5*f - p - 100 = 0. Is f prime?
False
Is 12/(-30) - -2*(-320661)/(-30) composite?
False
Suppose 0 = 4*o + 3*x + x + 4, -2*o + 4*x + 16 = 0. Suppose o*y - 2104 = 900. Is y a prime number?
False
Let c(l) = -3*l**3 - 12*l**2 - 3*l + 11. Let w(f) = f**3 + f - 1. Let s(q) = -c(q) - 2*w(q). Let h(m) = -m - 9. Let j be h(-4). Is s(j) a composite number?
True
Let a = 731652 - 364531. Is a prime?
True
Suppose -5*j + 498445 = -409*l + 408*l, -l = -4*j + 398756. Is j a prime number?
True
Let p(s) = s**3 - 8*s**2 - 9*s + 21. Let q be p(9). Suppose -q*i + 22*i = 2449. Suppose -5*n = -r + 339 - 2797, 2*r - i = -5*n. Is n composite?
False
Let u(a) = 222*a + 21. Let o = -77 - -67. Let b be u(o). Let d = 3166 + b. Is d prime?
True
Let t be (1/(-3))/(2/(-6)). Suppose -4*l - k = 16, 4*k = 3*l + 2*k + 23. Is 53/(l*t/(-5)) prime?
True
Suppose -4*q + 3*n = -5295, 2*q = -3*n + 1974 + 687. Let y = 97 + 322. Let i = q - y. Is i prime?
True
Is -3*239084*1/(-12) a prime number?
True
Let k(w) be the third derivative of 133*w**5/60 - 5*w**4/8 - 31*w**3/6 + 123*w**2. Is k(-4) a composite number?
True
Let y(j) = 9*j**2 - 7*j - 11. Let p be 12*1 + 10 + -13. Suppose -31*a = -28*a + p. Is y(a) a prime number?
False
Suppose 5*l - 3*s - 617029 = 0, 11*l - 3*s = 10*l + 123401. Is l a composite number?
False
Let t(i) = -32722*i - 120. Let o be t(-7). Suppose -o = -24*c + 47522. Is c prime?
True
Suppose 3*b - 12 = 0, -5*b - 705230 - 422410 = -4*w. Is w composite?
True
Let a(x) = 1688*x**2 + 103*x + 791. Is a(-8) composite?
False
Suppose 5 = 5*k, -2*s = 5*k - 26618 - 53221. Is s a composite number?
True
Suppose 3*g + 5737 = 5*n, 1552*n - 5*g = 1555*n - 3483. Is n prime?
True
Suppose 3*q - 9*t = -12*t - 1026, -q = -5*t + 360. Is (-3)/(-1) - ((-28)/(-14) + q) a prime number?
False
Suppose 518*v - 520*v + 4*u = -204674, -2*u = 4*v - 409398. Is v a composite number?
True
Is (5/2)/((-520)/(-416)) + 168389 a prime number?
True
Suppose 17*b - 9*b = 322536. Suppose 5*s - b - 12268 = 0. Is s prime?
False
Suppose -2*n = -3*p + 2, -15 = -p + 6*n - 41. Let q(k) = -k + 244. Let z be q(0). Suppose -3*j - p*v + 798 = -z, v = 4*j - 1383. Is j composite?
True
Let r(p) = -p**2 + 13 - 14*p - 2*p**3 - 28 + p**3. Let x be r(-10). Let a = -526 + x. Is a a prime number?
True
Let y = 1144033 + -628454. Is y a composite number?
False
Suppose -4*c - 2*n + 272 = -0*n, -2*c - 4*n + 136 = 0. Suppose c = 5*b - b. Suppose 0 = b*i - 12*i - 155. Is i composite?
False
Is (28/70)/(2/48985) composite?
True
Let k(w) = 1826237*w - 934. Is k(3) prime?
True
Let q(t) = 27061*t - 5682. Is q(71) a composite number?
False
Let f = 8 - 13. Let o be -2 + (-5)/f + -24. Is (-9545)/o - ((-27)/(-15) - 2) a composite number?
True
Suppose 50*j - 176618 = 111*j - 48*j. Let d = -11 - -21. Is d/75 - j/30 composite?
True
Let k = 4510 + -3538. Suppose -1525 = a + 3*a + 3*h, -4*a = -2*h + 1550. Let b = a + k. Is b a prime number?
True
Let f be 34 + -1*2/2. Let t(o) = 2*o + 34. Let r be t(-18). Is ((-590)/15*f)/r a composite number?
True
Suppose 3*s + 0*s = 27. Let c(w) be the third derivative of 101*w**4/24 - 11*w**3/3 + 20*w**2. Is c(s) a composite number?
False
Let y(r) = 5*r - 5. Let x(t) = -t. Let c(j) = 6*x(j) + y(j). Let f be c(-5). Suppose 1572 = 3*w - f*w + 3*k, -4*w + 2099 = 3*k. Is w a composite number?
True
Let q(p) = p**3 - 6*p**2 + 5. Let r be q(6). Suppose -73 = 5*x - 68, -615 = -5*y - 5*x. Suppose r*a - 801 = y. Is a composite?
True
Suppose -3*a = 2*s - 432757, -4*a = 3*s - 612525 + 35516. Is a composite?
False
Is (-1*40143)/(3 - (-126)/(-35)) a prime number?
False
Let x = 188 - 183. Let o(c) = c**3 + 3*c**2 - 17*c + 8. Is o(x) a composite number?
True
Let l(z) = -z**3 - 6*z**2 + 4*z + 11. Let j be l(-7). Let g = j - 42. Is (-6564)/(-8)*g/(-15) a composite number?
False
Suppose -40*u = -77*u - 148. Let f(j) = -316*j**3 - 2*j**2 + 7. Is f(u) prime?
False
Let w(n) = -n**3 - 65*n**2 - 3*n + 506. Is w(-73) a prime number?
False
Suppose -72*x + 8769392 = -29*x - 27*x. Is x prime?
False
Let w(s) = 447*s**2 - 244*s + 1664. Is w(7) prime?
True
Suppose -7*q + 0*q = 5446. Let a = q + 3374. Let l = a + -1845. Is l composite?
False
Let p = -356266 - -784845. Is p prime?
True
Let u be ((-6)/(-10))/(15/((-3150)/(-6))). Suppose -1241 = -u*s + 3778. Is s prime?
True
Suppose 190*t = -23*t + 121031073. Is t composite?
True
Let t(q) = 922801*q**2 + 687*q + 687. Is t(-1) a prime number?
False
Suppose 75*u + 3957360 = 5*c + 70*u, -4*u + 3957315 = 5*c. Is c a prime number?
False
Suppose 2*t = -5*x + 46 + 12